f/2)*-2 composite?
False
Suppose 0 = -21*i + 125585 - 6662. Is i composite?
True
Suppose -4 = -4*c + 16. Let x(g) = g**2 + 3*g + 4. Let a be x(-5). Suppose -j = -c - a. Is j composite?
False
Is (-23435)/(-25) - 10/25 prime?
True
Suppose -3 - 2 = -b. Suppose b*r - 57 = -7. Is r composite?
True
Let m(c) = c - 1. Let w be m(-2). Is w/9*53*-6 composite?
True
Let l(a) = 2*a**2 - 2*a - 1. Let x be l(-1). Suppose x*m = -2*j + 63, 0 = 4*j + m + 2*m - 129. Is j composite?
True
Suppose 6*c - 381 = 3*c. Is c prime?
True
Let y = 373 + -192. Is y prime?
True
Suppose 5*g = -182 + 3802. Suppose 0*t = 4*x + t - g, -5*t = -2*x + 340. Suppose -5*l + d = -x, 2*d = 5*l - 3*d - 200. Is l prime?
False
Suppose -5*k = -0*k. Let l be (-103)/(-1) + (k - 1). Let d = 151 - l. Is d a prime number?
False
Suppose 239 + 79 = -2*j + 2*t, 3*j - 5*t = -475. Suppose 0*r + 2*r + 66 = 0. Let f = r - j. Is f composite?
False
Suppose 565 = -5*v + 60. Let t = v + 228. Is t a prime number?
True
Suppose -4*h + 3*h = 0. Suppose -5*c + 398 - 123 = h. Suppose c = -a + 6*a. Is a composite?
False
Suppose 0 = -4*t - 0*z + z + 3, 3*t = -z + 11. Suppose -14 = -3*x + t*x. Is x a composite number?
True
Let k = -4 + -2. Is 4/8 + (-147)/k composite?
True
Suppose 2273 = 5*o + 298. Is o a prime number?
False
Let g = 560 - 213. Is g composite?
False
Let l(t) = -t**2 + 85. Is l(0) a prime number?
False
Suppose 0 = -r + 14 + 65. Is r a composite number?
False
Let d = 188 + -11. Is d a prime number?
False
Let b(s) be the second derivative of -s**5/20 - s**4/6 + 5*s**3/3 + 3*s**2/2 - s. Let v = 66 + -74. Is b(v) prime?
True
Let w(u) = -1073*u - 6. Is w(-1) a composite number?
True
Suppose 5*p + 0*p = -4*t + 445, 4*t + 2*p = 442. Suppose 4*u - 6*m = -4*m + t, 2 = 2*m. Let i = u - 13. Is i a prime number?
False
Suppose 5*i = -7*k + 3*k + 13, -5*k - 4*i = -14. Suppose 2*c = -5*p + 10, 4*c = -k*p + 3*c + 5. Suppose -m + p*m = -10. Is m composite?
True
Let c(w) = w + 1. Suppose b = 3*u, -2*u - 5*b = -0*u + 17. Let y be c(u). Suppose y = -2*m + 54 - 16. Is m a composite number?
False
Let q = 84 - 32. Let b = -30 + q. Is b a prime number?
False
Let y(b) = -179*b + 3. Let f be y(-2). Suppose r = 82 + f. Is r a composite number?
False
Suppose 6*m - 14284 = -1822. Is m a prime number?
False
Let r(b) = -4*b. Let g be r(-1). Let d be 10/g + (-2)/(-4). Is 194/8*(1 + d) prime?
True
Let s be (-27)/(-12) - (-2)/(-8). Let w(q) = -4*q**2 + 0*q + 0*q + 5*q**s - q - 5. Is w(-6) a prime number?
True
Is (-49)/14*348/(-21) composite?
True
Let b(n) = n**3 - n**2 - n + 1. Let z(h) = -h**3 + 4*h**2 + 5*h - 7. Let f(p) = -5*b(p) - z(p). Suppose 0 - 6 = 2*s. Is f(s) a prime number?
False
Suppose -4 = -3*j - 1. Let n be 4/((-4)/(-153))*j. Suppose 3*p + 3*w = 246, -2*p + n = 5*w - 2. Is p prime?
False
Let o(h) = -h**3 - 6*h**2 - h - 1. Let a be o(-6). Suppose 5*u - 243 = -0*k - k, a*k - u = 1267. Is k prime?
False
Suppose 3000 = -2*z + 5*z. Let d = z + -435. Is d a prime number?
False
Suppose -1 = -j + 4. Suppose v - 148 = -x, -j*v + 332 = 2*x + 39. Is x a composite number?
False
Let w = 4 + -4. Suppose w = -q + 98 - 18. Suppose 44 = 4*d - q. Is d composite?
False
Let m = 4852 + 641. Is m a composite number?
True
Let y be 2/(-3 + (-1300)/(-436)). Is -3 - -7 - (y - 2) a prime number?
False
Let o = 69 - -65. Is o composite?
True
Let h = 111 - 213. Is 3/(((-63)/h)/7) composite?
True
Let h = 31 + -17. Is h prime?
False
Suppose -14 = -5*t + 4*f, t = 2*f - 0 + 4. Suppose -2*g = -t*d - 90, 0 = -2*g - 2*d - 54 + 152. Is g composite?
False
Let c = -42 - -44. Suppose 0 = 4*g + 11 + 13. Is ((-4)/g)/(c/63) a prime number?
False
Suppose 4*z - 3*z = 367. Is z composite?
False
Let v(b) = -34*b**3 - 4*b**2 - 3*b - 2. Is v(-3) a prime number?
False
Let t be 4/(-12) - (-28)/12. Is ((-1)/t)/(7/(-4102)) a composite number?
False
Suppose -3*v + 6*x - x = -361, 0 = -3*v + x + 377. Is v a prime number?
True
Suppose -5*c = -9*c + 300. Suppose -5*d - 2*x + 75 = 0, 3*x = d - 6*d + c. Is d prime?
False
Let k = -12 + 20. Is (-4)/k - 174/(-4) composite?
False
Suppose -5*o + 5 = 0, -3*n - 2*n - 467 = 3*o. Let k = 285 + n. Is k composite?
False
Let r(s) = -8*s**3 + 6*s**2 + 2*s - 4. Let k be r(-4). Suppose 3*w + w = k. Is w composite?
False
Suppose -r + 4*c + 5 = 3*c, 2*c = -5*r - 3. Let p(b) = -1. Let l(x) = 156*x - 3. Let z(y) = l(y) - 4*p(y). Is z(r) a prime number?
True
Let x = -1 - 1. Let t = 19 - x. Let y = -12 + t. Is y a composite number?
True
Suppose -148 = -4*m + 168. Is m prime?
True
Suppose -5*r + 1651 = -r + 5*j, -4*j = -3*r + 1277. Is r composite?
False
Let l = 219 + 88. Is l prime?
True
Suppose 15 - 81 = -3*f. Is f a prime number?
False
Let z be 0 - (3 - 1) - -5. Let p = z + -14. Let b = p + 90. Is b composite?
False
Suppose 0 = 2*y - 6, 3*g + 1422 = y + 6636. Is g composite?
True
Suppose 0*p + 3 = -2*p + 5*s, 2*s = -4*p + 6. Let n(y) = -3*y + 15. Let u(q) = -1. Let l(m) = p*n(m) + 5*u(m). Is l(-7) a prime number?
True
Let i(y) = 8*y**2 + 4*y - 3. Let k(x) = -x**3 + 7*x**2 + x - 5. Let p be k(7). Is i(p) a prime number?
True
Suppose -3*j - 4 = -5*x, j + 2*x = -0*j + 6. Suppose j*r + 2*r + 4*i = 568, r + 2*i = 139. Is r prime?
False
Let i(t) = t**3 - t**2 + t + 2. Let f be 4/10 - (-2)/(-5). Let g be i(f). Suppose g*l = -0*l + 26. Is l a prime number?
True
Suppose -4*g + 1412 + 3336 = 0. Is g a composite number?
False
Let b be (-8)/(-6)*(-8 + -7). Let l(z) = -z**3 - z**2 + z - 14. Let i be l(0). Let m = i - b. Is m prime?
False
Suppose 3 = 3*d - 0, 0 = -2*i - 5*d + 5. Suppose g - 2*n = -2*g + 641, -2*g + n + 429 = i. Is g prime?
False
Suppose 2*k = -0*k - 36. Suppose 3*q + 0*q - 5*g = 89, 5*q + 5*g - 175 = 0. Let p = q + k. Is p a composite number?
True
Let u = 728 - 477. Is u composite?
False
Let r(p) = -2*p**3 - 17*p**2 + 8*p - 18. Let k(g) = g**3 + 16*g**2 - 8*g + 18. Let b(y) = 3*k(y) + 2*r(y). Is b(13) prime?
True
Let m be ((-9)/12)/(1/(-44)). Suppose -54 = -5*h + u, -h - 4*u - 8 + 2 = 0. Suppose -m = -g - h. Is g prime?
True
Is (-7 + 8)/((-1)/(-31)) prime?
True
Let h(d) = -d**3 - 5*d**2. Let o be h(-5). Suppose -13*l + 11*l + 254 = o. Is l a prime number?
True
Let c = -2294 + 3445. Is c a composite number?
False
Let r be 6/(-4)*8/3. Is -21*-3*r/(-18) prime?
False
Let q be (-1 - 0)/2*0. Suppose q = -g + k - 5 + 3, -3*k + 9 = -4*g. Is g/4 + (-94)/(-8) composite?
False
Let q(l) = -l**3 + l + 208. Let s be q(0). Suppose -t = -7*a + 2*a - 82, 4*t = -4*a + s. Is t composite?
True
Let o = 0 - -3. Let l = o + -3. Let k = l - -3. Is k composite?
False
Let r(z) = -5*z + 16. Suppose 26 = -3*m - 7. Is r(m) prime?
True
Let y = 489 - 163. Is y a prime number?
False
Let x = -6 + 20. Suppose x*z - 218 = 12*z. Is z a composite number?
False
Let f(z) = -z**2 + 16*z - 10. Is f(9) prime?
True
Suppose -134 = -2*w + 44. Is w composite?
False
Let x(h) = h**2 + 5*h - 4. Suppose -2*w + i - 14 = -0*i, 2*w = 2*i - 16. Let g be x(w). Is 3 - (g + 1) - -149 prime?
True
Let f be 0/(-1)*(-6)/(-12). Suppose f = -2*y - 9 + 1, 4*t + 4*y - 196 = 0. Suppose b - 2*b + t = 0. Is b composite?
False
Suppose -7*z = -3*m - 5*z + 2449, -2*m + 1628 = z. Is m a prime number?
False
Let y = -140 + 219. Is y composite?
False
Suppose 0 = 3*n + 2*t - 105, 0 = -3*n + 6*n - t - 96. Is n composite?
True
Let g be (4 + 0)*(-6)/(-8). Let t(k) = g*k + 4*k**2 - 3*k**2 - 4*k + 5*k - 4. Is t(9) a composite number?
False
Let o(y) be the third derivative of y**4/6 + y**3/6 + 3*y**2. Is o(8) a composite number?
True
Suppose 22 = -5*v - 23. Let x = 13 + v. Is (-1)/x + (-122)/(-8) composite?
True
Suppose -350 + 3626 = 7*z. Let t = 19 + z. Is t a prime number?
True
Suppose 3*p + 14 - 2 = 0, -2*c = -5*p - 122. Is c composite?
True
Suppose -5*r + 4*k - 36 = 0, 0 = -r - 0*k - 4*k + 12. Is (35/(-2))/(2/r) a prime number?
False
Let r = 384 + -65. Is r prime?
False
Let h(v) = 5*v + 4 - v**2 - 4*v + 3*v. Suppose 2*f + 2*f - 4 = -3*d, 22 = 5*d - f. Is h(d) a composite number?
True
Is 0 - (-3 - (-4 + 122)) a composite number?
True
Let p(x) = x. Let n(q) = 68*q + 1. Let k = -5 + 4. Let u(s) = k*n(s) - 2*p(s). Is u(-2) a prime number?
True
Let l(v) = -v**3 + 8*v**2 - 2*v - 2. Suppose -4*m = -2 - 26. Is l(m) prime?
False
Suppose 5*a + 775 = s + 2*s, -4*s + 1045 = 5*a. Suppose -s = -0*w - 5*w. Let c = w + 97. Is c prim